nd 154?
14
What is the greatest common divisor of 144 and 88?
8
Calculate the highest common factor of 173 and 2.
1
What is the highest common factor of 29 and 1769?
29
What is the greatest common divisor of 7 and 371?
7
What is the highest common divisor of 90 and 30?
30
What is the highest common factor of 90 and 4005?
45
What is the highest common factor of 12 and 51036?
12
What is the greatest common factor of 805 and 35?
35
Calculate the greatest common divisor of 1072 and 32.
16
What is the greatest common factor of 55 and 715?
55
Calculate the highest common divisor of 125 and 175.
25
What is the greatest common divisor of 255 and 340?
85
Calculate the highest common factor of 68 and 102.
34
What is the highest common divisor of 2070 and 36?
18
What is the greatest common factor of 1128 and 423?
141
Calculate the greatest common factor of 33 and 176.
11
Calculate the highest common divisor of 1108 and 20221.
277
Calculate the highest common factor of 24 and 18.
6
Calculate the highest common divisor of 638 and 58.
58
Calculate the greatest common divisor of 1670 and 1.
1
What is the greatest common divisor of 189 and 81?
27
Calculate the greatest common factor of 460 and 300.
20
Calculate the highest common factor of 5 and 81.
1
What is the greatest common divisor of 22 and 286?
22
What is the highest common divisor of 99 and 18?
9
Calculate the greatest common factor of 78 and 32.
2
What is the greatest common factor of 4 and 284?
4
What is the greatest common factor of 1719 and 9?
9
Calculate the highest common factor of 1349 and 38.
19
What is the highest common factor of 14490 and 644?
322
What is the highest common divisor of 518 and 370?
74
Calculate the highest common factor of 364 and 520.
52
Calculate the highest common divisor of 785 and 5.
5
What is the greatest common factor of 4 and 316?
4
Calculate the highest common divisor of 413 and 21.
7
Calculate the highest common divisor of 16 and 96.
16
Calculate the greatest common factor of 3481 and 295.
59
What is the greatest common factor of 64 and 412?
4
What is the greatest common divisor of 55 and 132?
11
What is the greatest common factor of 196 and 1316?
28
What is the highest common factor of 12 and 132?
12
What is the highest common factor of 346 and 3979?
173
Calculate the highest common divisor of 545 and 5.
5
What is the highest common factor of 20 and 892?
4
What is the greatest common divisor of 3092 and 12?
4
Calculate the greatest common factor of 1386 and 132.
66
What is the greatest common divisor of 2 and 196?
2
Calculate the highest common factor of 216 and 18.
18
What is the highest common factor of 392 and 168?
56
What is the highest common divisor of 107 and 428?
107
What is the greatest common factor of 2 and 7?
1
Calculate the highest common divisor of 126 and 18.
18
What is the highest common factor of 10 and 1970?
10
Calculate the greatest common divisor of 6 and 1734.
6
Calculate the highest common factor of 88 and 638.
22
Calculate the greatest common divisor of 11 and 121.
11
Calculate the highest common divisor of 26 and 234.
26
What is the highest common divisor of 20 and 17750?
10
Calculate the greatest common divisor of 83 and 2573.
83
What is the greatest common factor of 3345 and 105?
15
Calculate the highest common divisor of 60 and 156.
12
Calculate the highest common factor of 352 and 64.
32
What is the highest common divisor of 192 and 480?
96
Calculate the highest common divisor of 119 and 51.
17
What is the highest common factor of 117 and 72?
9
Calculate the highest common divisor of 165 and 45.
15
Calculate the greatest common divisor of 88 and 297.
11
Calculate the highest common divisor of 25 and 175.
25
What is the greatest common divisor of 549 and 225?
9
Calculate the highest common divisor of 34 and 680.
34
What is the highest common factor of 207 and 5451?
69
What is the highest common divisor of 10 and 1670?
10
What is the greatest common divisor of 409 and 1?
1
What is the highest common divisor of 21 and 1680?
21
What is the greatest common factor of 3 and 47?
1
What is the greatest common divisor of 423 and 47?
47
Calculate the greatest common factor of 1656 and 23.
23
Calculate the highest common divisor of 8827 and 194.
97
What is the greatest common divisor of 9 and 69?
3
Calculate the greatest common factor of 60 and 645.
15
What is the highest common factor of 550 and 650?
50
What is the highest common divisor of 348 and 25926?
174
What is the greatest common divisor of 2016 and 9504?
288
What is the highest common factor of 3460 and 1557?
173
What is the greatest common divisor of 5642 and 364?
182
What is the highest common factor of 23 and 483?
23
What is the highest common divisor of 110 and 80?
10
Calculate the greatest common divisor of 13059 and 9.
9
What is the highest common factor of 7744 and 22?
22
Calculate the greatest common divisor of 516 and 48.
12
Calculate the highest common divisor of 288 and 6.
6
Calculate the highest common divisor of 782 and 322.
46
Calculate the greatest common factor of 14 and 3.
1
What is the greatest common divisor of 265 and 5?
5
Calculate the highest common factor of 432 and 80.
16
What is the greatest common factor of 436 and 5450?
218
Calculate the highest common divisor of 4266 and 162.
54
What is the greatest common factor of 1110 and 30?
30
Calculate the highest common factor of 98 and 294.
98
Calculate the highest common factor of 7980 and 24.
12
Calculate the greatest common factor of 54 and 666.
18
What is the highest common divisor of 1598 and 238?
34
What is the greatest common divisor of 130 and 78?
26
What is the greatest common divisor of 607 and 1?
1
Calculate the highest common factor of 3 and 6318.
3
Calculate the highest common factor of 100 and 6940.
20
What is the greatest common divisor of 2349 and 54?
27
Calculate the greatest common factor of 381 and 3.
3
Calculate the greatest common factor of 520 and 640.
40
What is the greatest common divisor of 320 and 175?
5
What is the highest common factor of 60 and 30?
30
Calculate the greatest common factor of 10 and 530.
10
What is the highest common factor of 153 and 51?
51
What is the highest common divisor of 678 and 6?
6
What is the highest common factor of 115 and 46?
23
Calculate the greatest common divisor of 3885 and 14.
7
Calculate the greatest common factor of 13 and 104.
13
What is the highest common divisor of 2656 and 498?
166
Calculate the greatest common factor of 581 and 56.
7
Calculate the greatest common divisor of 1168 and 73.
73
What is the highest common divisor of 284 and 4?
4
Calculate the greatest common factor of 16 and 920.
8
Calculate the highest common divisor of 960 and 18960.
240
What is the greatest common divisor of 8 and 986?
2
What is the highest common factor of 48 and 636?
12
What is the highest common factor of 182 and 1859?
13
What is the highest common factor of 121 and 11?
11
What is the highest common divisor of 37 and 1184?
37
What is the highest common divisor of 5730 and 30?
30
Calculate the greatest common divisor of 40 and 2200.
40
Calculate the greatest common divisor of 848 and 208.
16
What is the highest common factor of 5775 and 99?
33
What is the highest common divisor of 9 and 9?
9
What is the greatest common divisor of 990 and 45?
45
What is the greatest common divisor of 22 and 209?
11
What is the greatest common factor of 75 and 17415?
15
What is the highest common divisor of 59 and 15163?
59
Calculate the highest common factor of 1224 and 288.
72
Calculate the greatest common factor of 145 and 5.
5
Calculate the greatest common divisor of 1200 and 250.
50
What is the highest common factor of 324 and 2106?
162
Calculate the greatest common divisor of 18 and 38.
2
What is the greatest common divisor of 15 and 105?
15
What is the greatest common factor of 539 and 11?
11
What is the greatest common factor of 12 and 69?
3
Calculate the highest common divisor of 114 and 1425.
57
Calculate the highest common factor of 2600 and 78.
26
Calculate the greatest common factor of 12 and 8724.
12
What is the highest common factor of 165 and 120?
15
What is the greatest common divisor of 5427 and 351?
27
What is the highest common factor of 4470 and 60?
30
What is th